 15*j - 3. Let a(u) be the third derivative of p(u). Calculate a(0).
3
Suppose -3*x + 92 - 65 = 0. Let p(q) = 5*q - 8. Calculate p(x).
37
Let b(h) = 8 + 4 + 15*h + 30*h - 30*h. What is b(4)?
72
Let h(x) = -6*x + 18. Suppose -2*c + b + 16 = 0, b - 31 = -3*c - 7. What is h(c)?
-30
Let f(k) be the first derivative of 1/3*k**3 - k + 0*k**2 - 6. Let p be 1/(3/9)*-1. Calculate f(p).
8
Let o(u) = 534*u - 7 + 18*u**3 - 19*u**3 - 531*u - u**2. What is o(0)?
-7
Let o = -2701 - -2714. Let b(c) = -2*c**2 + 25*c + 11. Calculate b(o).
-2
Suppose -2*t = -4*c + 24, 3*t = -4*c + 17 - 3. Let z(n) be the first derivative of n**2 + 1/4*n**4 + 2*n + 0*n**3 + 17. Calculate z(t).
-10
Let z(l) = -4*l**2 + 66*l + 3. Let p(x) = -x**2 + 4*x - 2. Let a(u) = 2*p(u) - z(u). Calculate a(29).
-7
Let w(o) = -o**2 + 22*o + 50. Let t be w(24). Let u(m) = -m**2 + 6*m - t*m - 34 + 38. Give u(4).
4
Let a(m) = 7*m**2 + 15*m + 46. Let q(l) = -12*l**2 - 25*l - 93. Let t(z) = -7*a(z) - 4*q(z). Determine t(-10).
0
Let b(v) = 5*v**2 - 42*v - 20. Let i(z) = -7*z**2 + 59*z + 20. Let p(s) = 4*b(s) + 3*i(s). Calculate p(7).
-6
Let n(z) = -13*z + 11. Let m(l) = 10*l - 12. Let r(s) = 6*m(s) + 5*n(s). Let i be r(-2). Let x(u) = -u**2 - 6*u - 2. Determine x(i).
-9
Let r(v) be the second derivative of -2*v**3 - 9*v**2 + 2797*v. What is r(0)?
-18
Let m(o) = 11*o + 13. Let w = -6171 + 6167. Calculate m(w).
-31
Let l(s) = -28 - 2*s - 4*s + 19 + 5*s. Let f(w) = -w**3 + 10*w**2 - 5*w - 89. Let z be f(5). Give l(z).
-20
Let c(u) = 550*u**2 + 4 - 12*u + 372*u**2 - 923*u**2. What is c(4)?
-60
Suppose -12 = -2*u - 2*r, 2*u - 9 - 13 = 3*r. Let h(k) be the first derivative of 3*k**2 - 7*k + 33444. Give h(u).
41
Let a(t) = -t - 7. Suppose 7*y - 13 = y - 43. Determine a(y).
-2
Let d(x) = -3*x**2 + 8*x + 1. Let u(f) = -2*f**2 + 7*f + 1. Let h(m) = -3*d(m) + 4*u(m). Let n be (18/8)/(3/4). What is h(n)?
22
Let j(o) be the third derivative of o**5/10 - 4*o**3/3 + 3070*o**2. What is j(-2)?
16
Let h = 1 + -1. Let q(d) be the second derivative of 0*d**4 + 0 + 1/2*d**2 - 1/20*d**5 + 163*d - 1/6*d**3. Determine q(h).
1
Suppose 4*g - r - 14 = 0, 2*g + 3*r = 8*r - 2. Let y(f) = 5. Suppose 52 = -7*v + 45. Let o(h) = -h. Let z(i) = v*y(i) + 2*o(i). Give z(g).
-13
Let a(f) = -1. Let q(u) = -u - 11. Let c(b) = 4*a(b) - q(b). Let k be 375/(-10)*-2 + 3. Let z = 71 - k. Calculate c(z).
0
Let h(x) be the second derivative of x**4/12 + x**3/3 - 29*x**2/2 - 2086*x. Give h(-6).
-5
Let x(s) = -5*s**3 - s**2 - 2*s + 2. Suppose -33326 = 43*l - 6064. Let z = l - -635. Give x(z).
-6
Let t(v) be the first derivative of -30*v - 1/20*v**5 - 5/6*v**3 + 5/2*v**2 - 41 + 1/2*v**4. Let a(b) be the first derivative of t(b). Give a(5).
5
Let v be (-9)/45 + (-72)/(-10). Let o(k) = 0 - 10 - 2*k + 3 + v. Determine o(-1).
2
Let f(c) = 4*c**2 - 8*c + 8. Suppose 0 = -77*q + 17*q - 119*q + 895. Determine f(q).
68
Let h(m) be the second derivative of -m**5/20 + m**4/3 + m**3 - 3*m**2 + 106*m - 2. Calculate h(5).
-1
Suppose 24*g + 1248 = -57*g + 357. Let k(o) = 7*o + 25. Calculate k(g).
-52
Let i(l) = 142*l**2 - 65*l**2 - 3 - 81*l**2 + 6*l + l**3. Let t be i(3). Let p(r) = -4*r + 8. Give p(t).
-16
Let g(c) = -c**3 - 33*c**2 - 60*c + 62. Suppose -21*b - 1209 = 18*b. Determine g(b).
0
Let k(x) = x**2 + 6*x - 4. Let l be 2/((-1)/3*(-8 - -6)). Suppose l*r + 56 = -64. Let u be 165/35 + -5 + r/7. Give k(u).
-4
Suppose 4*g = 2*s - 23 + 5, 0 = 3*s + 3*g. Let c(k) = k**2 + 6. Let t(v) = -4*v**2 + v - 16. Let p(l) = -3*c(l) - t(l). Give p(s).
4
Let k(r) = -r**2 + 3*r + 1. Let s(p) = p**3 + 12*p**2 + 32*p - 3. Let y be s(-6). Suppose 6 = 2*v + 2*t, -25*v - t + 12 = -y*v. What is k(v)?
1
Suppose 5*x = 4*m + x, -m = -4*m - 4*x. Let w(b) = -2*b**3 - 2*b**2 - 5*b - 1. Give w(m).
-1
Let v(w) = 2*w + 23. Let c be v(-11). Let b(t) = -3 + 2 + 1 - c. Let h(m) = -m**2 + 4. Let n(g) = -3*b(g) + h(g). Determine n(0).
7
Let a = 78 + -146. Let r = -66 - a. Let l be (r/4)/((-23)/(-12) + -2). Let w(y) = -y + 1. Determine w(l).
7
Let h(r) be the second derivative of r**4/12 + 16*r**3/3 + 45*r**2 - 7995*r. Calculate h(-30).
30
Let j(l) = 349*l + 12. Let s(w) = 123*w + 4. Let f(a) = 6*j(a) - 17*s(a). Give f(-10).
-26
Let s = -43149 + 43148. Let j(w) = -110*w. Give j(s).
110
Let a(o) be the third derivative of -5*o**4/24 + 11*o**3/3 + 2888*o**2. Give a(7).
-13
Let c(b) be the first derivative of 2*b**3/3 - 6*b**2 + 20*b - 2948. Give c(8).
52
Suppose -7*c - 2 = -6*c, h + 5*c = 47. Suppose 0 = -h*w + 60*w + 3. Let s(q) be the third derivative of q**6/60 - q**5/60 + q**4/24 + q**3/6 - q**2. Give s(w).
-3
Let u(v) = -2*v**3 + 14*v**2 - 3*v + 27. Suppose -10*i - 336 = -29*i - 29*i. Calculate u(i).
6
Let q(t) = t**2 - 4*t - 1. Suppose 2*h - 116 = -3*z, -2*z = -6*z - 5*h + 150. Suppose -24*b = 84 + 780. Let v = b + z. Calculate q(v).
-1
Suppose -j = -2*r + 3 - 0, r - 3 = 2*j. Let i(c) = 2. Let s(l) = 6*l**2 + 2*l - 6. Let o(f) = r*s(f) + 2*i(f). Let n be -6 + 4 + 0/(-1). What is o(n)?
18
Let n be 2 - 0 - (1 - 3 - -2). Let q(p) = 9*p**2 + 0 - 2 - 4*p**2 - 2*p. Calculate q(n).
14
Let c(r) = r**3 - 11*r**2 + 10*r + 2. Let y be (-65)/(-20) + 3/4. Let z be (y + -3 + -1)*-1. Suppose -20 = -2*i + o, 5*o = 3*i - z*i - 30. What is c(i)?
2
Let f(t) = 12 + 1715*t**3 - 4*t - 890*t**3 - 828*t**3. Give f(2).
-20
Let f(y) = -65*y**2 - 81 + 3*y**2 + 29*y**2 + 8*y + 34*y**2. What is f(6)?
3
Let v(b) = 71*b - 9. Let o(h) = 14*h - 2. Let f(x) = -11*o(x) + 2*v(x). Determine f(1).
-8
Let w(d) = -2*d**3 - 11*d**2 - 5*d + 3. Let x be (1 - 11)/(11 - 16 - -7). Let o be w(x). Let j(t) = -t**2 + 2*t - 2. Determine j(o).
-5
Let l(x) be the second derivative of x**3/6 - 8*x**2 + 2*x. Let c(h) = 2*h - 33. Let b(p) = -4*c(p) + 9*l(p). Suppose 24*y = 23*y - 11*y + 96. What is b(y)?
-4
Let r = 41 + -28. Let m(x) = 411 + 0*x**3 + 421 - x**3 - 13*x - 830 + 14*x**2. Determine m(r).
2
Let q(a) be the third derivative of 5*a**4/12 - 41*a**3/6 + 2*a**2 - 2872. Determine q(7).
29
Let l(c) = c**3 - 5*c**2 - 3. Let n(z) = 4*z - 16. Let i be n(4). Suppose 0 = 3*h + 5*g - 25, 2*h - 4*g + 6 - 8 = i. What is l(h)?
-3
Let y(z) = 60*z + 38. Let i(u) = -11*u - 8. Let h(x) = -11*i(x) - 2*y(x). Let k(t) = t - 2. Let d be k(2). What is h(d)?
12
Let z(k) be the third derivative of -k**4/24 + 954*k**2. Give z(0).
0
Let b be -1*(14 - 13 - 9/6). Let c(r) be the first derivative of 4*r - 34 - b*r**2. Determine c(-3).
7
Let z(v) = v**2 - 3*v. Suppose -95*n - 31*n + 183 = -447. Determine z(n).
10
Let q(m) = 39 - 19 - 10*m - 2*m**2 + 3*m**2 - 29 - 24. Give q(11).
-22
Suppose -i = -3*i - 5*g + 33, -5*i - 2*g = -51. Let m(z) be the third derivative of -1/24*z**4 + 69*z**2 - 2 + 1/2*z**3 + 0*z. What is m(i)?
-6
Suppose 12*w = -9 - 15. Let x(u) be the second derivative of -u**6/144 + u**5/120 - 7*u**4/6 - 23*u. Let q(s) be the third derivative of x(s). Determine q(w).
11
Suppose 2*g = 26 - 8. Let f(j) be the third derivative of j**6/120 - 3*j**5/20 + j**4/24 - j**3/3 + 17*j**2. Determine f(g).
7
Let a(i) be the second derivative of i**5/20 + 23*i**4/12 - 13*i**3/3 - 47*i**2/2 + 1598*i. Determine a(-24).
1
Let r(m) = 7*m - 36 - 30 - 29 + 67 - 3*m. Give r(18).
44
Suppose -32 - 1 = -4*t - 3*q, 4*t - 18 = 2*q. Let o(v) be the first derivative of -v**2 + 8*v + 235. Calculate o(t).
-4
Suppose 5*x + 0 = -2*d - 6, x + 3 = -d. Let k(o) = -11*o**2 - 2162*o + 4325*o + 10*o**2 - 2165*o - o**3. Give k(d).
24
Let v be 44/(-4 + (-45)/(-12)). Let z = 172 + v. Let u(s) = s - 1 - 2*s + 0. Calculate u(z).
3
Let a(r) = 46*r - 24. Let w(b) = 2*b - 1. Let n be 6/9 - (-2340)/54. Let y(q) = n*w(q) - 2*a(q). Give y(-4).
20
Let g(b) = b - b + 3 + 10*b. Let a be 3 - (-1 + 4/5)/((-101)/3030). Give g(a).
-27
Let d(x) = -2*x**3 + 2*x - 1. Let k be d(1). Let h(z) be the second derivative of -7*z**4/6 - z**2/2 - 35*z - 345. What is h(k)?
-15
Suppose 4*n - 38 = -15*h + 16*h, 3*n = -3*h - 24. Let r(x) = x**3 + 14*x**2 + 2*x + 41. Give r(h).
13
Let u(j) = -17*j + 25. Let c(y) = -7*y + 12. Let p(m) = -14*c(m) + 6*u(m). What is p(-6)?
6
Let v(u) = 4*u - 2. Let z(f) = -6*f**2 + 5*f - 3. Let o(r) = -2*r**2 + 36*r - r**2 - 1 + 33*r - 67*r. Let n(q) = 5*o(q) - 3*z(q). Let a be n(2). Give v(a).
22
Let p(j) = -23*j**2 - 9*j**2 - 1449*j + 71*j**2 + 1 - 25*j**2 + 1448*j. Let k be 1/(-4) + (-1